ne o(-2).
-7
Let k(x) = -3*x**2 + 308*x + 2589. What is k(-8)?
-67
Let z(l) = 259*l**3 + 295258*l**2 - 2273*l + 7985. Give z(-1140).
5
Let r(l) = -l**3 + 23*l**2 - 110*l + 74. Calculate r(7).
88
Let g(t) = t**3 - 70*t**2 - 2017*t + 141. Give g(-22).
-13
Let m(f) = 2*f**3 - 158*f**2 + 902*f + 7645. Calculate m(72).
13
Let r(n) = 5*n**2 - 79*n + 1021. Determine r(27).
2533
Let z(x) = -6865*x + 3974736. What is z(579)?
-99
Let j(o) = -8*o**3 + 33*o**2 + 12*o - 3. Give j(-5).
1762
Let j(m) = 95*m + 79. What is j(8)?
839
Let k(l) = -9*l**2 - 7672*l + 77616. What is k(10)?
-4
Let h(b) = -2*b**3 - 27*b**2 - 1199*b - 18661. Give h(-15).
-1
Let d(l) = l**3 + 138*l**2 + 4710*l - 108. Give d(-62).
16
Let n(l) = -2*l**2 + 2735*l + 24863. Determine n(-9).
86
Let g(w) = 5*w**3 - 314*w**2 - 714*w - 85. Calculate g(65).
-20
Let v(k) = -72304*k - 65724336. Give v(-909).
0
Let h(w) = 17363*w + 260440. What is h(-15)?
-5
Let t(l) = -l**3 + 108*l**2 - 30*l + 182. Give t(108).
-3058
Let d(u) = -299*u + 24590. What is d(83)?
-227
Let q(r) = -2*r**2 + 5109*r + 20478. What is q(-4)?
10
Let f(r) = -2*r**2 + 7350*r - 1131500. What is f(161)?
8
Let x(v) = -65137*v - 521169. Determine x(-8).
-73
Let n(s) = 3*s**2 - 148*s + 123. Determine n(29).
-1646
Let z(h) = 3135*h + 20707. Calculate z(-7).
-1238
Let j(u) = -10067*u - 11909263. Calculate j(-1183).
-2
Let x(r) = -3597*r + 75531. What is x(21)?
-6
Let r(v) = 6*v**3 - 1383*v**2 - 694*v + 176. Determine r(231).
-55
Let f(m) = -m**3 - 521*m**2 - 5074*m + 18372. What is f(-511)?
-24
Let r(x) = 7*x**2 + 676*x + 6957. Calculate r(-10).
897
Let g(k) = 3*k**2 - 367*k - 35. Calculate g(122).
-157
Let w(z) = -5606*z + 112676. Give w(20).
556
Let f(b) = 854*b + 12027. Give f(-14).
71
Let d(x) = -20*x**3 + 2*x**2 - 20*x + 61. What is d(3)?
-521
Let d(f) = 8*f**3 + 151*f**2 - 3005*f + 69. What is d(-31)?
7
Let l(m) = -20*m**2 - 60*m + 201. Give l(3).
-159
Let l(f) = 1113*f - 22494. Calculate l(20).
-234
Let h(p) = 3*p**3 + 407*p**2 - 565*p - 2259. Calculate h(-137).
70
Let x(h) = -5*h**2 - 1408*h + 49141. What is x(-313)?
0
Let i(f) = 3617*f - 307432. Give i(85).
13
Let o(q) = -q**3 + 226*q**2 - 10064*q - 148. Calculate o(165).
17
Let b(s) = -35290*s + 16939193. Determine b(480).
-7
Let b(v) = -12*v**2 - 2192*v - 45721. What is b(-24)?
-25
Let o(l) = -18*l**3 + 3*l**2 + 21*l - 62. What is o(7)?
-5942
Let l(k) = k**2 + 4317*k + 536189. What is l(-128)?
-3
Let m(a) = -2208*a + 856725. Determine m(388).
21
Let r(w) = 283*w - 7076. What is r(25)?
-1
Let k(a) = a**3 - 53*a**2 + 316*a + 18. What is k(6)?
222
Let t(o) = -2*o**2 - 64*o + 2351. Give t(-54).
-25
Let w(c) = 19*c**3 + 75*c**2 - 337*c - 1337. Give w(-4).
-5
Let d(p) = -p**3 + 4*p**2 - 37*p + 158. Determine d(14).
-2320
Let v(q) = q**3 - 39*q**2 - 44*q - 1708. Calculate v(41).
-150
Let x(d) = -d**2 + 1731*d - 718237. Calculate x(690).
53
Let u(r) = -2*r**3 + 2513*r**2 - 40901*r - 23552. Give u(1240).
8
Let c(y) = 240*y + 35538. Give c(-146).
498
Let j(d) = d**3 + 10*d**2 - 782*d - 11591. Give j(-21).
-20
Let z(c) = 2*c**3 - 8*c**2 + 50*c - 273. Calculate z(5).
27
Let r(f) = f**2 - 1291*f - 23489. Determine r(-18).
73
Let j(a) = 25143*a + 326818. Determine j(-13).
-41
Let r(g) = -14*g**3 + 5*g**2 - 33*g - 162. What is r(-3)?
360
Let q(u) = -3*u**3 + 268*u**2 - 93*u - 88. What is q(89)?
-444
Let y(m) = 3*m**2 - 405*m + 7468. Calculate y(22).
10
Let m(k) = k**3 + 209*k**2 - 256*k - 8858. Determine m(-210).
802
Let c(j) = -j**2 - 4784*j - 38219. Determine c(-8).
-11
Let j(s) = -630*s - 3953. What is j(-4)?
-1433
Let p(i) = -i**3 + 67*i**2 + 8*i - 485. Calculate p(67).
51
Let w(q) = 234*q**2 - 16411*q + 2168. Determine w(70).
-2
Let z(i) = 25600*i - 127970. Calculate z(5).
30
Let b(h) = -h**2 + 14474*h - 86792. Give b(6).
16
Let i(h) = 140*h**2 + 16243*h + 391. Calculate i(-116).
43
Let h(k) = 28*k**3 - k**2 - 903*k + 903. Give h(1).
27
Let r(q) = 4*q**3 - 56*q**2 + 260*q - 550. Give r(8).
-6
Let f(w) = -338*w**2 + 10*w - 12. Determine f(1).
-340
Let j(x) = 3*x**2 + 193*x - 34638. Give j(80).
2
Let y(a) = 99*a**2 + 183*a - 356. What is y(-9)?
6016
Let v(i) = 28322*i + 85059. What is v(-3)?
93
Let d(l) = 3*l**3 + 13*l**2 - 2641*l - 13202. Calculate d(-5).
-47
Let n(c) = -c**3 - 27*c**2 + 30*c + 536. Give n(-25).
-1464
Let z(x) = 8169*x + 220559. Determine z(-27).
-4
Let s(j) = -1597*j**2 + 20745*j + 201. What is s(13)?
-7
Let m(f) = -f**2 + 249*f - 2778. Give m(237).
66
Let s(o) = -o**2 - 1461*o + 126861. Give s(82).
335
Let k(z) = -904*z - 17222. What is k(-19)?
-46
Let j(c) = -2*c**3 - 43*c**2 - 92*c + 62. Give j(-19).
5
Let f(a) = a**3 + 40*a**2 + 617*a + 4115. Determine f(-19).
-27
Let a(q) = -q**3 + 45*q**2 - 7*q + 1458. What is a(45)?
1143
Let y(b) = 11*b**2 - 188*b - 8. Give y(18).
172
Let u(i) = -19291*i + 1601146. Give u(83).
-7
Let x(t) = t**3 - 63*t**2 + 393*t + 27. What is x(7)?
34
Let o(k) = k**3 - 44*k**2 + 6730*k - 45309. Calculate o(7).
-12
Let q(m) = -25474*m + 1069913. Calculate q(42).
5
Let x(h) = -41*h**3 + 2*h**2 + 183*h + 5. Give x(0).
5
Let g(k) = 14*k**3 - 97*k**2 + 365*k - 2608. Calculate g(7).
-4
Let y(s) = 593*s**2 - 32*s - 6. Determine y(-1).
619
Let p(w) = -2*w**2 + 624*w - 17917. Determine p(32).
3
Let x(a) = 2254*a + 538692. Give x(-239).
-14
Let q(b) = 33*b + 3233. Determine q(-102).
-133
Let b(z) = -1035*z - 124179. What is b(-120)?
21
Let w(z) = 285*z**2 + 3723*z + 98. What is w(-13)?
-136
Let c(p) = 74607*p + 43495888. Determine c(-583).
7
Let y(z) = -z**2 - 712*z - 104528. Give y(-207).
7
Let j(v) = 2*v**3 - 66*v**2 + 270*v + 322. Give j(28).
42
Let j(y) = 5096*y - 3083041. What is j(605)?
39
Let s(q) = 3209*q - 1581890. Calculate s(493).
147
Let r(t) = 2*t**2 - 157512*t - 630089. What is r(-4)?
-9
Let y(a) = -9*a**2 + 1831*a - 493. Determine y(203).
319
Let r(k) = 6987*k + 105173. What is r(-15)?
368
Let j(x) = -9*x**2 + 826*x + 414. What is j(93)?
-609
Let a(z) = 159*z - 3181. Give a(31).
1748
Let p(w) = 2*w**2 - 63944*w - 127904. Calculate p(-2).
-8
Let q(j) = 1868*j - 35787. Give q(19).
-295
Let i(x) = -x**2 + 3230*x + 58564. Determine i(-18).
100
Let k(w) = -2*w**2 + 10568*w + 1496470. What is k(-138)?
-2
Let p(o) = -12*o**2 + 257692*o - 257684. Determine p(1).
-4
Let f(q) = -21035*q + 63259. Calculate f(3).
154
Let m(b) = 3*b**3 - 85*b**2 + 262*b + 283. Determine m(24).
-917
Let j(i) = -i**2 - 1284*i - 62870. What is j(-1233)?
13
Let d(g) = 3*g**3 + 231*g**2 + 25*g + 1954. Calculate d(-77).
29
Let c(g) = g**3 + 227*g**2 - 3192*g - 17271. Calculate c(-240).
9
Let b(k) = 41*k**2 + 289*k - 2453. Determine b(5).
17
Let m(f) = -2*f**3 + 7*f**2 + 48*f - 154. Determine m(2).
-46
Let y(d) = -9*d**2 + 406*d - 1832. Calculate y(5).
-27
Let f(n) = 10*n**2 - 559*n - 498. Give f(56).
-442
Let z(i) = -i**3 - 40*i**2 - 103*i + 915. Determine z(-36).
-561
Let w(n) = -2*n**2 - 160*n - 1158. Determine w(-71).
120
Let p(d) = d**2 - 273*d - 4072. Determine p(-14).
-54
Let r(m) = 50*m**2 - 804*m + 6447. Determine r(8).
3215
Let h(y) = -3*y**2 + 277*y + 1678. Give h(-6).
-92
Let c(b) = 49307*b + 42551939. Give c(-863).
-2
Let z(i) = -i**3 - 81*i**2 - 391*i + 9389. Determine z(-74).
-9
Let d(c) = -4814*c + 110731. Give d(23).
9
Let m(o) = o**3 - 40*o**2 + 399*o + 10. Calculate m(19).
10
Let p(v) = 183*v + 6470. What is p(-37)?
-301
Let s(o) = -2*o**2 + 72*o - 202. Determine s(0).
-202
Let q(s) = -s**2 + 589*s - 4672. Determine q(8).
-24
Let l(w) = 9*w**3 + 115*w**2 - 500*w - 3021. What is l(-15)?
-21
Let l(z) = 4*z**3 - 8*z**2 - 62*z + 213. Give l(5).
203
Let v(k) = -k**3 - 167*k**2 - 1539*k + 4875. Determine v(-157).
8
Let y(t) = 3*t**2 - 567*t + 24363. Calculate y(66).
9
Let p(u) = 76*u + 11422. Give p(-221).
-5374
Let d(k) = k**3 - 17*k**2 + 64*k - 312. Calculate d(5).
-292
Let a(g) = -6697*g + 334860. Calculate a(50).
10
Let u(x) = -19*x**3 - 115*x**2 + 236*x + 6. Give u(2).
-134
Let x(a) = -5431*a + 157488. Calculate x(29).
-11
Let u(l) = 4*l**2 - 172*l - 881. Calculate u(-5).
79
Let t(z) = -16*z**2 + 8892*z - 6650. What is t(555)?
10
Let x(w) = 11*w**3 + 75*w**2 - 9*w + 13. Determine x(-7).
-22
Let h(v) = 14*v**2 + 5937*v - 17821. Give h(3).
116
Let p(o) = 8*o**3 - 463*o**2 + 440*o - 1980. What is p(57)?
357
Let f(k) = 4*k**3 - 210*k**2 + 285*k + 286. What